*f**2 + 5*f**2 + 2*f**3 - 3*f**3. Determine i(p).
9
Suppose -11 = -s - 3*p, 5*s = p - 2*p + 13. Suppose -6 = 3*y, 20 = -s*f + 3*y - 8*y. Let u(z) = 2*z**2 + 8*z + 6. Give u(f).
16
Let z(a) be the second derivative of -a**5/20 - 23*a**4/12 + 9*a**3/2 + 36*a**2 + 5587*a. Calculate z(-24).
0
Let k = 188 + -181. Let a(v) be the third derivative of v**5/60 - 7*v**4/24 + 3*v**3/2 + 10*v**2. Calculate a(k).
9
Let f = -8 - -8. Suppose f = 3*l + 6 - 21. Let r(w) = -4*w - 2*w + 3*w + 12 - w**2 - l. What is r(-6)?
-11
Let l(f) = -f**2 + 6. Let z(j) be the first derivative of j**2 + 53*j - 64. Let i be z(-28). Determine l(i).
-3
Let n(y) be the second derivative of y**5/20 + 2*y**4/3 + y**3 - y**2 - y. Suppose 0 = -4*f - 13*f + 153. Let g(v) = -v + 2. Let k be g(f). Calculate n(k).
5
Suppose 3*s + 3*f = 852, 0 = 2*s + 11*f - 6*f - 553. Let l be s/68 - 3/12. Let v(o) be the first derivative of -o**3/3 - o**2/2 - o + 2. Give v(l).
-21
Let t(p) be the first derivative of 3*p**2 + 13*p - 38. Let k(u) = 7*u + 13. Let y(z) = -2*k(z) + 3*t(z). What is y(-2)?
5
Let m(u) = -4*u - 7. Let k be m(-4). Suppose k + 19 = 5*n - 2*a, 2*n + 2*a = 0. Let i(v) = 2*v**2 + n*v + v + 0*v + 2 - 3*v. Calculate i(-2).
6
Suppose 38 = -4*u + 70. Let z(h) = -u + 2*h - 10 - 9 + 31 + 11*h. Determine z(-4).
-48
Suppose 378 = -231*q - 84. Let i(c) = -c**3 - 3*c**2 + 2. Calculate i(q).
-2
Let y be 10 + (-8)/2 + -3. Let g(p) = 4 - y + 2 - p - 6*p**2 - p + p**3 + 0*p. What is g(6)?
-9
Let z(p) = p**3 + 3*p**2 - 3*p - 5. Let i(o) = -7*o - 11. Let n = 127 - 128. Let b be i(n). Calculate z(b).
-9
Let x(a) = -3*a**2 + 7*a + 4. Let p(l) = l**2 - 2*l - 1. Let s(r) = 14*p(r) + 4*x(r). Suppose -346*j - 428 - 1111 = -501. Give s(j).
20
Let o(r) = -r - 3. Let l = -3452 + 3448. Give o(l).
1
Let s(j) = -12*j**2 - 4*j - 3 - j**3 - j + 6*j**2 + 0*j. Let l(n) = -n**3 + 7*n**2 + 9*n - 13. Let m be l(8). Calculate s(m).
-3
Suppose 2 = -p + 1. Let b = p - 5. Let z(d) = -160*d**3 - 167*d**3 + 8 - 165*d**3 - 166*d**3 - 2*d**2 + 659*d**3 + 8*d**2. Calculate z(b).
8
Suppose 149*v - 4*p + 40 = 153*v, -5*p + 22 = -2*v. Let s(q) = -2*q**3 + 7*q**2 + 4*q - 1. Determine s(v).
-1
Let q(i) be the second derivative of i**4/12 + 11*i**3/6 - 97*i**2/2 - 525*i + 1. Determine q(6).
5
Suppose -10*j = 398 - 488. Let z(h) = 12*h - 83*h**2 - 2 + 82*h**2 + 6. What is z(j)?
31
Let d(h) = h**2 - 5*h + 1. Let j = -79 + 85. Let f be d(j). Let n be (-2 + f + -4)*1. Let u(i) = 2*i**2 + i - 1. What is u(n)?
2
Let h = 20190 + -20176. Let d(i) = -6*i - 3. Give d(h).
-87
Let d(v) = -v**2 + 66*v - 629. Let r be d(12). Let y(t) = -t**3 + 18*t**2 + 18*t + 24. What is y(r)?
5
Let p(d) be the second derivative of 7*d**3/3 + 77*d**2/2 + 3*d + 386. Give p(-5).
7
Let i(j) = 2*j + 17. Let h(x) = -4*x - 52. Let p(t) = -3*h(t) - 7*i(t). Determine p(8).
21
Let o(p) = -1247*p**2 + 1249*p**2 + 2*p - 2 + 2*p**3 - p. Let a(d) = d + 4. Let h be a(-6). Calculate o(h).
-12
Let j(x) = x**3 + 9*x**2 + 13*x + 42. Let c be j(-8). Let o(a) = -50*a + 7*a**c - 2 + a**3 + 57*a - 1. What is o(-6)?
-9
Let l(c) = 6*c - 13. Let s be (-2)/11*(-990)/60. Determine l(s).
5
Suppose -6*v + 46 = 28. Let o(d) = 2 + 5 - d**2 + v + 2 - 8*d. What is o(-9)?
3
Let s be (-3 - 30/6) + 3 - 0/6. Let w(q) = q - 6. Give w(s).
-11
Let g(r) = 10*r - 53. Let y be g(8). Suppose 19*h - y*h = 0. Let n(b) = -b**3 + b**2 - 24. Give n(h).
-24
Let y be (-1)/(-3) + 20/12. Let b(p) be the first derivative of -2*p**2 + 2*p + 41. Let w(l) = l. Let v(x) = b(x) + 5*w(x). Determine v(y).
4
Let o(v) be the second derivative of v**5/20 - 4*v**4/3 - 3*v**3 + 11*v**2/2 - v. Let k be 232/14 + 57 + (-1980)/35. Calculate o(k).
-6
Let a be 40/(-16) + 111/6. Let m(g) = 4*g - 55. What is m(a)?
9
Let y(a) = -a**2 + 3*a + 11. Let w be y(5). Let g be (2 - w) + 17 + -21. Let q(m) = -213 + 3*m - m + 109 + 103. Determine q(g).
-7
Let b(u) = 12*u - 45*u + 7*u + 12 + 16*u + 8*u. Let g(v) = 2*v - 12. Let j be g(6). Suppose -4*c + 3*c + 8 = j. Give b(c).
-4
Let a(q) = -q + 175*q**2 + 1 - 174*q**2 - q. Let z(w) = -w + 22. Let s be z(20). Suppose 23*h - 25*h = -s. Give a(h).
0
Let d(h) = 36*h - 110. Let y(l) = 12*l - 37. Let g(v) = 3*d(v) - 8*y(v). Let u be g(3). Let k(p) = 3*p - 2. Give k(u).
4
Suppose -p + 3*y = -4 - 45, 0 = -3*p + 2*y + 126. Let j = -51 + p. Let z(m) = 2*m**2 - 3*m**2 + 3 - 7 - 11*m - 8. Give z(j).
-12
Let i(b) = -b**3 - 25*b**2 + 62*b + 204. Let r be i(-27). Let j(n) = -3*n - 7. Calculate j(r).
29
Let y be (-12*(-7)/231)/2 + (-316)/44. Let o(d) = 2*d**2 + 13*d - 26. Give o(y).
-19
Let b(f) = f**3 - 7*f**2 - 11*f - 10. Let a(v) = -4*v**3 + 20*v**2 + 34*v + 29. Let r = 0 - -2. Let i(j) = r*a(j) + 7*b(j). Determine i(-8).
-4
Let o be 7/(494/(-2795) - 2/(-10)). Let j = o + -307. Let n(d) = d**2 + 1 - 6*d - 3 - 2*d**2. Give n(j).
-2
Let f(b) = -43*b + 12. Let r be f(8). Let z = r + 339. Let u(j) = -j**3 - 8*j**2 + 3*j + 4. Let l(c) = c**3 + c. Let o(s) = -2*l(s) - u(s). Give o(z).
10
Let o(b) = -b**3 + b**2 - 2*b - 8. Suppose -446*f + 443*f = 4*c - 40, -4*f + 44 = 4*c. Calculate o(f).
-64
Let s(h) = -15 - 867*h**2 + 1864*h**2 - 998*h**2 - h. Let d = 3 + -3. Determine s(d).
-15
Let q be 115/138*(-6)/(-1) - 5. Let t(n) = n**2 + n + 1. Let b be t(0). Let u be q/b - (1 - 0) - 1. Let a(j) = -4*j**2 - 3*j - 2. What is a(u)?
-12
Let c(h) = 17*h - 178. Let f be c(11). Let i(z) = 6*z - 32. Let t be i(f). Let x(o) = o - 18. Give x(t).
4
Let y be (-6)/4*704/(-176). Let g(b) = -b**3 + 8*b**2 - 5*b + 8. What is g(y)?
50
Suppose -g - b - 31 = -24, -17 = -g - 5*b. Let i(w) = w**3 + 16*w**2 + 39*w - 14. Give i(g).
-14
Let l(j) = 13*j**2 - 10*j - 11. Let t be l(-2). Let d(c) = 122 - c + 0*c - 52 - t. Calculate d(-5).
14
Let b be 56560/161196*114/4. Let w(l) be the first derivative of -l**2/2 + 1. Let h(n) = n**2 - 15*n + 15. Let r(a) = -h(a) + 3*w(a). Determine r(b).
5
Let q(k) = -5*k + 40. Let h be q(0). Suppose 0 = 48*n - h*n - 56. Let o(b) = -b**3 + 8*b**2 - 7*b - 3. Give o(n).
-3
Suppose -159*n = -14*n + 2755. Let p(u) = u - 53. Calculate p(n).
-72
Let n(d) = -11528*d + 1 + 11536*d + 8. Calculate n(-5).
-31
Let j(k) = 13*k**3 + 4*k**2 - 4. Let z(r) = r**3 + r**2 + 2. Let s(i) = -i**3 - 2*i**2 - 7. Let h(g) = -s(g) - 3*z(g). Let q(c) = 6*h(c) + j(c). Calculate q(4).
34
Let o(m) be the first derivative of -m**3/3 + m**2/2 + 6*m - 26. Suppose -4*p + 7*p = 18. Let r be 2/(-4)*(6 - p). Calculate o(r).
6
Suppose -1 - 1 = -a - 5*h, -11 = 3*a - 2*h. Let z(s) be the first derivative of -s**4/4 - 4*s**3/3 - s**2/2 - 2*s - 280. What is z(a)?
-8
Let x be (62/30 - 2/30) + 1. Let w(r) = 17*r**2 - 44*r + 3. Give w(x).
24
Let g(r) be the second derivative of 0 - 22*r + 4*r**2 + 1/12*r**4 + 3/2*r**3. Suppose 0 = -3*w + 8*w + 40. Determine g(w).
0
Let x = 2420 + -2426. Let b(d) = 3*d + 30. Calculate b(x).
12
Let l(o) = -o - 8. Let i = -20 - -14. Let q be (-3)/i*10 - (2 + -1). Suppose 2*d - q*t + 0 = -8, 3*d + 2 = t. Calculate l(d).
-8
Let s(a) = 4*a + 6. Suppose 5*g = 9*g - 16. Let p(c) = -5 + g + 2. Let m(d) = -3*p(d) + s(d). Determine m(-2).
-5
Let k(x) = -x**2 - 8*x - 7. Let w(l) = 9*l**2 - 7*l - 8. Let y be w(-4). Let v = -78 + y. Let c be v/(-12) + 2/12. What is k(c)?
0
Let z(g) = 5*g**2 + 83*g - 7. Let w(j) = -3*j**2 - 44*j + 4. Let u(k) = 11*w(k) + 6*z(k). What is u(6)?
-22
Let o(z) = -z**2 + 8*z - 2. Let v(i) = -6*i**2 + 40*i - 11. Let x(g) = 22*o(g) - 4*v(g). Let y be x(-8). Let n(s) = s - 16. Determine n(y).
-16
Let v(o) be the second derivative of -o**3/2 + 41*o**2/2 - o - 106. Calculate v(20).
-19
Let v(s) = 2*s + 2. Let y = -155 + 614. Let b = -456 + y. Give v(b).
8
Let r(q) = -66*q - 3. Let n be r(-8). Let c = n + -275. Let l be c/(-90) - (-5)/(90/(-4)). Let h(m) = m**3 + 3*m**2 + 4*m + 3. What is h(l)?
-9
Suppose m + p - 8 = -19, 0 = -4*m - 5*p - 46. Let a(b) = b**3 + 8*b**2 - 8*b. What is a(m)?
-9
Let g(b) be the third derivative of b**6/120 + b**5/30 - 19*b**4/24 - 17*b**3/2 + 2622*b**2. What is g(-3)?
-3
Let l(v) = -13 + 24 - v**3 + 8 + 11*v**2 + 910*v - 913*v. Calculate l(12).
-161
Suppose -1475*y - 4 = -1471*y - 5*c, 0 = -3*y + 4*c - 2. Let z(x) = -6*x**2 - x**3 - x + 0*x**3 + 4 + 2*x. Calculate z(y).
-2
Let y(h) = -2*h**2 - 7*h - 8. Suppose 179*t + 5 - 5 = -142*t. What is y(t)?
-8
Let j(o) = -34 - 18*o**3 - 12*o + 